te z(-6).
-376
Let p(l) = 33*l + 2488. Give p(-53).
739
Let p(t) = 745*t + 38000. Determine p(-51).
5
Let u(o) = -o**3 - 2*o**2 + 21. What is u(4)?
-75
Let a(q) = -2*q**3 - 9*q**2 + 35. Calculate a(-4).
19
Let j(p) = 51*p + 930. What is j(-18)?
12
Let j(t) = t**2 - 34*t + 154. Calculate j(24).
-86
Let i(y) = -135*y + 788. What is i(5)?
113
Let h(w) = 2*w**2 - 27*w + 92. Determine h(5).
7
Let m(j) = -j**3 - 27*j**2 - 160*j + 5. Determine m(-18).
-31
Let i(j) = 60*j - 705. Determine i(9).
-165
Let d(o) = -128*o - 2427. Calculate d(-19).
5
Let f(y) = -6*y - 75. Determine f(-66).
321
Let i(k) = 258*k + 59339. Calculate i(-230).
-1
Let x(g) = -392*g + 2100. Determine x(5).
140
Let m(h) = -h**2 - 84*h + 820. Give m(9).
-17
Let m(t) = -4*t**2 - 25*t + 11. Give m(3).
-100
Let r(i) = -126*i - 148. Determine r(-1).
-22
Let q(u) = 15*u**2 + 850*u - 853. Give q(1).
12
Let r(l) = -3*l**2 + 188*l + 1227. What is r(-6)?
-9
Let w(v) = -13*v + 245. Determine w(5).
180
Let y(a) = -a**3 - 14*a**2 - 39*a + 3. Determine y(-4).
-1
Let j(g) = -9*g**2 + 481*g - 216. Give j(53).
-4
Let b(h) = h**2 - 463*h + 5047. Determine b(11).
75
Let r(d) = -d**3 + 6*d**2 - 502*d + 5410. Calculate r(10).
-10
Let t(g) = -g**2 + 56*g - 256. Determine t(5).
-1
Let b(m) = m**3 + 20*m**2 - 45*m - 1. What is b(-22)?
21
Let p(f) = f**3 + 30*f**2 + 122*f + 2691. Give p(-29).
-6
Let n(b) = -4*b**3 - 123*b**2 - 650*b - 39. Give n(-24).
9
Let q(c) = c**3 + 4*c**2 - 15*c - 2. What is q(-6)?
16
Let n(q) = 3*q**2 - 74*q - 3. Calculate n(26).
101
Let d(l) = 713*l - 5044. Determine d(7).
-53
Let x(u) = u**2 + 47*u + 454. What is x(-13)?
12
Let z(k) = -37*k**2 + 9*k - 4. Give z(1).
-32
Let d(h) = -h**2 - 114*h - 3. Calculate d(0).
-3
Let n(i) = -16*i - 571. Determine n(-36).
5
Let l(c) = 12077*c - 12085. Calculate l(1).
-8
Let u(i) = 188*i + 930. What is u(-5)?
-10
Let d(a) = a**3 + 15*a**2 - 262*a - 3133. What is d(-10)?
-13
Let y(p) = -p**3 - 4*p**2 - 8*p - 17. What is y(0)?
-17
Let y(z) = -78*z + 83. What is y(4)?
-229
Let b(k) = 150*k - 32266. Calculate b(215).
-16
Let s(k) = -2*k**3 - 63*k**2 - 27*k + 86. What is s(-31)?
-38
Let a(o) = -10*o**2 + 71*o + 293. Determine a(-4).
-151
Let u(q) = q**2 - 6*q - 150. Give u(15).
-15
Let j(z) = -z**2 - 62*z + 985. Give j(18).
-455
Let p(g) = -g**2 + 1298*g + 5194. Give p(-4).
-14
Let v(o) = -o**2 + 147*o - 4780. Calculate v(99).
-28
Let b(x) = -x**2 + 138*x - 3811. Give b(100).
-11
Let x(g) = 5*g**2 - 117*g + 201. Give x(20).
-139
Let l(b) = 166*b + 9451. Give l(-57).
-11
Let y(l) = -l**3 + 15*l**2 - 30*l + 248. Give y(14).
24
Let g(f) = 6*f**3 + 4*f**2 + 66*f + 65. Determine g(-1).
-3
Let w(q) = -5*q - 41. What is w(-9)?
4
Let k(d) = 2*d**3 + 16*d**2 - 116. Determine k(-5).
34
Let k(a) = a**3 + 10*a**2 - 80*a - 358. Determine k(-4).
58
Let b(s) = s**2 + 70*s - 1386. Calculate b(16).
-10
Let f(j) = -j**2 + 98*j + 8421. Calculate f(153).
6
Let n(z) = -z**3 - 79*z**2 - 311*z - 748. What is n(-75)?
77
Let d(n) = 54*n + 1649. Give d(-31).
-25
Let w(a) = a**2 - 7520*a - 158366. Calculate w(-21).
-5
Let b(g) = -5*g**3 - 80*g**2 - 4*g - 59. Calculate b(-16).
5
Let j(b) = 2092*b + 2100. Calculate j(-1).
8
Let j(q) = q**3 - 68*q**2 - 247*q + 170. Give j(-4).
6
Let q(c) = -237*c - 8532. Calculate q(-36).
0
Let i(f) = 26*f + 635. Calculate i(-25).
-15
Let b(d) = 2*d**2 - 139*d + 2279. Calculate b(26).
17
Let i(n) = -45*n - 1892. Determine i(-41).
-47
Let y(f) = 1061*f - 44569. Give y(42).
-7
Let u(i) = -2*i**3 - 95*i**2 - 35*i + 571. Calculate u(-47).
7
Let r(h) = -13*h**2 - 229*h - 990. Calculate r(-6).
-84
Let w(c) = -c**3 + 6*c**2 + 44*c - 217. Calculate w(8).
7
Let q(v) = 18*v**2 + 4*v + 8. Give q(-2).
72
Let a(k) = k**2 + 6*k - 441. Calculate a(18).
-9
Let z(w) = w**3 - 4*w**2 - 20*w - 33. Determine z(10).
367
Let i(x) = x**3 - 5*x**2 - 49*x - 14. What is i(-5)?
-19
Let j(l) = l**3 - 16*l**2 + 10*l + 18. Give j(14).
-234
Let l(q) = 26*q + 1474. What is l(-53)?
96
Let g(a) = -12*a**2 + 11*a - 17. Give g(7).
-528
Let g(j) = 24*j**3 + 3*j**2 - j. What is g(-1)?
-20
Let w(m) = 488*m + 3409. Determine w(-7).
-7
Let g(s) = s**3 - 10*s**2 - 26*s + 29. Determine g(12).
5
Let n(g) = -37*g**2 + 30*g - 7. Give n(2).
-95
Let f(s) = -37*s**2 - 21*s + 9. Calculate f(-1).
-7
Let v(g) = -g**3 - 29*g**2 - 20*g + 226. Calculate v(-28).
2
Let p(u) = -u**2 - 123*u - 3104. Calculate p(-36).
28
Let r(y) = 17*y**3 - 205*y**2 + 6*y + 64. Give r(12).
-8
Let z(i) = 18*i**2 + 12*i - 79. Determine z(5).
431
Let m(o) = -5*o**2 - 291*o - 99. Calculate m(-58).
-41
Let z(y) = y**3 - 5*y**2 + 153*y - 1024. Give z(6).
-70
Let h(g) = -g**2 - 15*g - 67. Determine h(-20).
-167
Let x(r) = -6*r**2 + 8*r + 14. What is x(-2)?
-26
Let g(c) = -14*c**2 + 20*c + 22. Give g(-1).
-12
Let a(p) = 9*p**2 - 266*p + 1970. What is a(15)?
5
Let w(k) = -k**3 + 2*k**2 + 6*k + 92. What is w(6)?
-16
Let w(k) = -210*k**2 - 27*k - 25. Calculate w(-1).
-208
Let c(f) = 2*f**2 - 69*f + 318. Calculate c(27).
-87
Let n(g) = -50*g + 1950. Determine n(39).
0
Let g(j) = -4*j**2 - 145*j - 48. Calculate g(-34).
258
Let y(s) = 35*s**3 - 140*s**2 + 20*s - 74. Calculate y(4).
6
Let s(u) = u**2 + 10*u - 2678. Determine s(47).
1
Let l(i) = -7*i + 28. Determine l(3).
7
Let i(u) = 61*u - 820. Give i(13).
-27
Let x(f) = 15*f - 181. What is x(4)?
-121
Let s(h) = -23*h**3 + 4*h**2 - 103*h + 100. What is s(1)?
-22
Let o(m) = m**2 + 339*m + 27670. Give o(-137).
-4
Let f(k) = 14*k + 29. Calculate f(-3).
-13
Let w(u) = -u**3 - u**2 + 2*u + 132. What is w(0)?
132
Let x(r) = r**3 + 13*r**2 - 206*r + 278. Calculate x(8).
-26
Let z(s) = -465*s + 1360. What is z(3)?
-35
Let r(b) = -34*b + 1209. Calculate r(39).
-117
Let m(s) = s**2 + 418*s - 2551. What is m(6)?
-7
Let j(t) = -t**2 + 15*t + 67. Give j(-4).
-9
Let m(v) = -84*v**2 - 21*v + 21. What is m(1)?
-84
Let i(y) = 6*y**2 - 44*y + 91. Determine i(3).
13
Let d(p) = -133*p - 36. Calculate d(-1).
97
Let d(w) = 238*w - 8822. What is d(37)?
-16
Let d(r) = -991*r + 2994. What is d(3)?
21
Let s(x) = 1216*x + 1122. Give s(-1).
-94
Let d(s) = s**3 + 125*s**2 + 826*s. Give d(-7).
0
Let j(u) = 138*u + 763. Calculate j(-11).
-755
Let g(w) = -520*w - 815. Determine g(-2).
225
Let t(c) = -46*c + 696. Calculate t(15).
6
Let h(w) = w**3 - 15*w**2 + 56*w - 23. Give h(9).
-5
Let r(l) = 4*l**3 - 8*l**2 - 74*l - 75. Calculate r(-4).
-163
Let u(v) = 3*v**3 - 536*v**2 + 1932*v - 1218. Calculate u(175).
7
Let g(c) = 81*c - 4436. What is g(50)?
-386
Let g(j) = -4565*j - 296730. Give g(-65).
-5
Let d(c) = -2*c**2 - 7*c + 29. Determine d(3).
-10
Let l(k) = -3*k**3 - 49*k**2 - 21*k - 77. Give l(-16).
3
Let g(h) = h**3 + 11*h**2 - 22*h + 50. Determine g(-13).
-2
Let s(o) = 13519*o - 13514. Calculate s(1).
5
Let a(t) = t**2 - 34*t - 109. Determine a(35).
-74
Let j(v) = 50*v**2 - 123*v + 122. What is j(1)?
49
Let h(r) = -2*r**2 + 87*r - 616. Give h(34).
30
Let m(j) = 206*j - 1856. Determine m(9).
-2
Let u(g) = 160*g + 4922. Determine u(-31).
-38
Let d(a) = 5*a**2 - 731*a + 8168. Determine d(134).
-6
Let a(m) = 73*m**2 + 1025*m + 992. Determine a(-13).
4
Let r(t) = -405*t + 16. Calculate r(1).
-389
Let m(c) = -23*c**2 - 603*c + 2611. What is m(-30)?
1
Let c(h) = h**3 - 31*h**2 + 235*h + 24. Give c(22).
838
Let c(g) = 2*g**3 - 24*g**2 + 62*g + 16. Calculate c(8).
0
Let u(j) = j**3 + 2*j**2 - 14*j - 22. Give u(7).
321
Let w(a) = 2*a - 6. What is w(-4)?
-14
Let b(r) = -2*r**2 - 32*r - 32. Determine b(-19).
-146
Let l(u) = -u**3 + 19*u**2 - 65*u - 19. Calculate l(14).
51
Let k(y) = -y**3 + 195*y**2 - 9086*y + 6. Give k(77).
6
Let y(t) = t**2 - 17*t - 35. Calculate y(-13).
355
Let j(u) = u**2 + 467*u + 2780. Calculate j(-6).
14
Let x(s) = s**3 - 18*s**2 + 156*s - 2884. Calculate x(18).
-76
Let y(j) = 2*j**3 + 84*j**2 + 84*j - 9. Determine y(-41).
-91
Let t(s) = -11*s**2 - 2*s + 5. What is t(-2)?
-35
Let q(j) = -j**2 - 16*j - 84. Determine q(-17).
-101
Let s(w) = -3*w**2 + 128*w - 1367. Give s(21).
-2
Let o(t) = 702*t - 6320. Give o(9).
-2
Let u(j) = 19*j + 1145. Calculate u(-26).
651
Let c(l) = l**2 + 163*l - 1900. Calculate c(11).
14
Let r(l) = -l**3 - 18*l**2 + 2*l - 313. Determine r(-19).
10
Let d(o) = 5*o**3 - 2*o**2 + 16*o + 51. Give d(-2).
-29
Let o(m) = -2119*m + 74169. Give o(35).
4
Let k(j) = 14*j**2 - 35. What is